{"id":909,"date":"2020-04-11T11:21:02","date_gmt":"2020-04-11T11:21:02","guid":{"rendered":"https:\/\/themecrafter.com\/kyber\/?page_id=909"},"modified":"2025-11-14T10:41:45","modified_gmt":"2025-11-14T09:41:45","slug":"about-us","status":"publish","type":"page","link":"https:\/\/setelci.com\/setelcigroupe\/about-us\/","title":{"rendered":"About Us"},"content":{"rendered":"<section class=\"wpb-content-wrapper\"><p>[vc_row full_width=&#8221;stretch_row&#8221; bg_position=&#8221;center-center&#8221; el_class=&#8221;kyber-about-us2&#8243; css=&#8221;.vc_custom_1687432450884{margin-top: -50px !important;padding-bottom: 100px !important;background-color: #000333 !important;background-position: center !important;background-repeat: no-repeat !important;background-size: cover !important;}&#8221; row_css_xs=&#8221;.vc_custom_1687432450885{padding-bottom: 60px !important;}&#8221;][vc_column bg_position=&#8221;center-center&#8221; css=&#8221;.vc_custom_1587125037824{background-position: 0 0 !important;background-repeat: no-repeat !important;}&#8221; offset=&#8221;vc_col-lg-6 vc_col-md-6&#8243;][vc_row_inner css=&#8221;.vc_custom_1586792078715{padding-left: 90px !important;}&#8221; el_class=&#8221;kyber-about-introbox position-relative&#8221;][vc_column_inner][vc_column_text css=&#8221;.vc_custom_1687421790217{margin-bottom: 0px !important;}&#8221;]<\/p>\n<p style=\"color: white;\">Sp\u00e9cialiste en infrastructures de t\u00e9l\u00e9communications, la Soci\u00e9t\u00e9 d\u2019Electricit\u00e9 et des T\u00e9l\u00e9coms de C\u00f4te d\u2019 Ivoire en abr\u00e9g\u00e9 SETELCI assure l\u2019ing\u00e9nierie, la construction, l\u2019optimisation, la vente de mat\u00e9riels T\u00e9l\u00e9coms et la maintenance des r\u00e9seaux de t\u00e9l\u00e9phonies cellulaires GSM, DCS, et UMTS), de transmission par faisceaux hertziens et fibre optique ainsi que de r\u00e9seau de de t\u00e9l\u00e9diffusion Broadcast num\u00e9rique et analogique.<\/p>\n<p style=\"color: white;\">Nous\u00a0 intervenons \u00e9galement au niveau de l\u2019\u00e9tude et la r\u00e9alisation de projet \u00e9lectriques ainsi que des travaux de G\u00e9nie Civil.<\/p>\n<p style=\"color: white;\">SETELCI, Soci\u00e9t\u00e9 de droit ivoirien, est une SAS au capital de 90 millions, b\u00e9n\u00e9ficiant de l\u2019appui technique de ses diff\u00e9rents partenaires europ\u00e9ens et \u00e9trangers. Son plateau technique est assur\u00e9 par des Managers, ing\u00e9nieurs et Techniciens sup\u00e9rieurs jouissant d\u2019une exp\u00e9rience de plus de 10 ans dans les m\u00e9tiers des t\u00e9l\u00e9coms et d\u2019\u00e9lectricit\u00e9.<\/p>\n<p style=\"color: white;\">Notre entreprise s\u2019impose tant sur le march\u00e9 national que r\u00e9gional par son savoir-faire et le s\u00e9rieux de son \u00e9quipe dirigeante ayant \u00e0 son actif une exp\u00e9rience soutenue des outils innovants du management des projets techniques.<\/p>\n<p>[\/vc_column_text][\/vc_column_inner][\/vc_row_inner][\/vc_column][vc_column offset=&#8221;vc_col-lg-6 vc_col-md-6&#8243; column_css_sm=&#8221;.vc_custom_1587126085058{margin-top: 40px !important;}&#8221;][vc_single_image image=&#8221;2529&#8243; img_size=&#8221;445*590&#8243; alignment=&#8221;right&#8221; css=&#8221;.vc_custom_1687405608551{margin-bottom: 0px !important;}&#8221;][\/vc_column][\/vc_row][vc_row full_width=&#8221;stretch_row&#8221; bg_color_scheme=&#8221;tertiary&#8221; css=&#8221;.vc_custom_1687433099799{background-position: center !important;background-repeat: no-repeat !important;background-size: cover !important;}&#8221; row_css_sm=&#8221;.vc_custom_1687433099800{padding-bottom: 164px !important;}&#8221; row_css_xs=&#8221;.vc_custom_1687433099801{padding-bottom: 115px !important;}&#8221;][vc_column][vc_row_inner css=&#8221;.vc_custom_1687433136567{background-position: center !important;background-repeat: no-repeat !important;background-size: cover !important;}&#8221;][vc_column_inner]\t\t<div  class=\"kyber_custom_heading_wrapper kyber-custom-heading-1308374433 kyber-shortcode-wrapper custom-heading-style-1 subtitle-text- title-text- heading-alignment-center text-center\">\r\n\t\t\t<div class=\"kyber-custom-heading-wrapper\">\r\n\t\t\t<div class=\"kyber-heading-subtitle-wrapper\">\r\n\t\t\t<h3 class=\"heading-subtitle\">\r\n\t\t\t\tSETELCI\t\t\t<\/h3>\r\n\t\t<\/div>\r\n\t\t\t\t<div class=\"kyber-heading-title-wrapper\">\r\n\t\t\t<h3 class=\"heading-title\">\r\n\t\t\t\tNOS SERVICES\t\t\t<\/h3>\r\n\t\t<\/div>\r\n\t\t<\/div>\t\t<\/div>\r\n\t\t[\/vc_column_inner][\/vc_row_inner][vc_row_inner][vc_column_inner width=&#8221;1\/2&#8243; offset=&#8221;vc_col-lg-4 vc_col-md-4&#8243; inner_column_css_sm=&#8221;.vc_custom_1588425523735{margin-bottom: 30px !important;}&#8221;]\t\t<div  class=\"kyber_infobox_wrapper kyber-infobox-1318162647 kyber-shortcode-wrapper icon-type-font infobox-style-1  vc_custom_1687618039330\">\r\n\t\t\t<div class=\"kyber-infobox-wrapper\">\r\n\t\t\t\t\t\t<div class=\"kyber-infobox-icon\"><i class=\"far fa-lightbulb\"><\/i><\/div>\r\n\t\t\t\t\t\t<div class=\"kyber-infobox-content\">\r\n\t\t\t\t\t<h3 class=\"kyber-infobox-title\">ELECTRICITE<\/h3>\r\n\t\t\t\t\t\t<div class=\"kyber-infobox-text\">Nous effectuons l\u2019\u00e9tude et la conception des r\u00e9seaux \u00e9lectriques basses tensions (BT), moyennes tensions (MT) et Hautes tensions (HT) en milieu industriel ou r\u00e9sidentiel. Nos comp\u00e9tences couvrent l\u2019ensemble des technologies<\/div>\r\n\t\t\t\t<\/div>\r\n<\/div>\t\t<\/div>\r\n\t\t[\/vc_column_inner][vc_column_inner width=&#8221;1\/2&#8243; offset=&#8221;vc_col-lg-4 vc_col-md-4&#8243; inner_column_css_sm=&#8221;.vc_custom_1588425532630{margin-bottom: 30px !important;}&#8221;]\t\t<div  class=\"kyber_infobox_wrapper kyber-infobox-2024029498 kyber-shortcode-wrapper icon-type-font infobox-style-1  vc_custom_1690366612302\">\r\n\t\t\t<div class=\"kyber-infobox-wrapper\">\r\n\t\t\t\t\t\t<div class=\"kyber-infobox-icon\"><i class=\"fas fa-hard-hat\"><\/i><\/div>\r\n\t\t\t\t\t\t<div class=\"kyber-infobox-content\">\r\n\t\t\t\t\t<h3 class=\"kyber-infobox-title\">GENIE CIVIL<\/h3>\r\n\t\t\t\t\t\t<div class=\"kyber-infobox-text\">Setelci r\u00e9alise tous les travaux de gros \u0153uvre qui comprennent  les travaux de ma\u00e7onnerie, L\u2019\u00e9tude de sol, Le terrassement,L\u2019excavation,Les fondations, Le soubassement, Le Plancher, L\u2019\u00e9l\u00e9vation, La charpente, La toiture<\/div>\r\n\t\t\t\t<\/div>\r\n<\/div>\t\t<\/div>\r\n\t\t[\/vc_column_inner][vc_column_inner width=&#8221;1\/2&#8243; offset=&#8221;vc_col-lg-4 vc_col-md-4&#8243; inner_column_css_sm=&#8221;.vc_custom_1588425541974{margin-bottom: 30px !important;}&#8221;]\t\t<div  class=\"kyber_infobox_wrapper kyber-infobox-828292101 kyber-shortcode-wrapper icon-type-font infobox-style-1  vc_custom_1690366670592\">\r\n\t\t\t<div class=\"kyber-infobox-wrapper\">\r\n\t\t\t\t\t\t<div class=\"kyber-infobox-icon\"><i class=\"fas fa-broadcast-tower\"><\/i><\/div>\r\n\t\t\t\t\t\t<div class=\"kyber-infobox-content\">\r\n\t\t\t\t\t<h3 class=\"kyber-infobox-title\">TELECOMS<\/h3>\r\n\t\t\t\t\t\t<div class=\"kyber-infobox-text\">Gr\u00e2ce \u00e0 notre vaste exp\u00e9rience associ\u00e9e \u00e0 une connaissance approfondie de l\u2019environnement local, nous offrons des services d&#039;audit et d&#039;optimisations de sites radio\u00e9lectrique de qualit\u00e9. Modification (SWAP, Bibandisation\u2026)<\/div>\r\n\t\t\t\t<\/div>\r\n<\/div>\t\t<\/div>\r\n\t\t[\/vc_column_inner][\/vc_row_inner][\/vc_column][\/vc_row][vc_row full_width=&#8221;stretch_row_content&#8221;][vc_column width=&#8221;1\/2&#8243;][vc_single_image image=&#8221;2768&#8243; img_size=&#8221;1950x 2500&#8243;][\/vc_column][vc_column width=&#8221;1\/2&#8243;][vc_column_text]<\/p>\n<h1>Implantations<\/h1>\n<h4>En C\u00f4te d&#8217;Ivoire<\/h4>\n<p>[\/vc_column_text][vc_row_inner css=&#8221;.vc_custom_1687678055576{margin-top: -20px !important;}&#8221;][vc_column_inner][vc_column_text]<strong>Si\u00e8ge:<\/strong> Cocody Angr\u00e9, Nouveau CHU, Cit\u00e9 Palmyre B<br \/>\n<strong>Email:<\/strong> info@setelci.com<br \/>\n<strong>Tel:<\/strong> +225 21 25 19 89[\/vc_column_text][\/vc_column_inner][\/vc_row_inner][vc_column_text]<\/p>\n<h3><strong>Sous-r\u00e9gion<\/strong><\/h3>\n<p>&nbsp;[\/vc_column_text][vc_row_inner css=&#8221;.vc_custom_1687711323581{margin-top: -30px !important;}&#8221;][vc_column_inner width=&#8221;1\/2&#8243;][vc_column_text css=&#8221;.vc_custom_1694684679170{border-top-width: -20px !important;}&#8221;]<\/p>\n<h4>Filiale du Benin<\/h4>\n<p><strong>Si\u00e8ge:<\/strong> ILLOT 1225 (Qaurtier Gbedjoemede 1 Cotonou)<br \/>\n<strong>Email:<\/strong> info@setelci.com<br \/>\n<strong>Tel:<\/strong> +229 60386868[\/vc_column_text][vc_column_text]<\/p>\n<h4>Filiale du Cameroun<\/h4>\n<p><strong>Si\u00e8ge:<\/strong>Situ\u00e9 \u00e0 Douala quartier Diedo Grand Moulin, \u00e0 c\u00f4t\u00e9 de Cefor H\u00f4tellerie.<br \/>\n<strong>Email:<\/strong> info@setelci.com<br \/>\n<strong>Tel:<\/strong> +237 676 384 076\/+237 690 317 479[\/vc_column_text][\/vc_column_inner][vc_column_inner width=&#8221;1\/2&#8243;][vc_column_text]<\/p>\n<h4>Filiale du Togo<\/h4>\n<p><strong>Si\u00e8ge:<\/strong> LOME (Qaurtier AVENOU)<br \/>\n<strong>Email:<\/strong> info@setelci.com<br \/>\n<strong>Tel:<\/strong> +238 22 50 16 86<br \/>\n&nbsp;<br \/>\n&nbsp;[\/vc_column_text][vc_column_text]<\/p>\n<h4>Filiale du Burkina Faso<\/h4>\n<p><strong>Si\u00e8ge:<\/strong>OUAGE (Qaurtier PATTE D&#8217;OIE)<br \/>\n<strong>Email:<\/strong> info@setelci.com<br \/>\n<strong>Tel:<\/strong>TEL: +226 57 78 29 38[\/vc_column_text][\/vc_column_inner][\/vc_row_inner][\/vc_column][\/vc_row]<\/p>\n<\/section>","protected":false},"excerpt":{"rendered":"<p>[vc_row full_width=&#8221;stretch_row&#8221; bg_position=&#8221;center-center&#8221; el_class=&#8221;kyber-about-us2&#8243; css=&#8221;.vc_custom_1687432450884{margin-top: -50px !important;padding-bottom: 100px !important;background-color: #000333 !important;background-position: center !important;background-repeat: no-repeat !important;background-size: cover !important;}&#8221; row_css_xs=&#8221;.vc_custom_1687432450885{padding-bottom: 60px !important;}&#8221;][vc_column bg_position=&#8221;center-center&#8221; css=&#8221;.vc_custom_1587125037824{background-position: 0 0 !important;background-repeat: no-repeat !important;}&#8221; offset=&#8221;vc_col-lg-6 vc_col-md-6&#8243;][vc_row_inner css=&#8221;.vc_custom_1586792078715{padding-left: 90px !important;}&#8221; el_class=&#8221;kyber-about-introbox position-relative&#8221;][vc_column_inner][vc_column_text css=&#8221;.vc_custom_1687421790217{margin-bottom: 0px !important;}&#8221;] Sp\u00e9cialiste en infrastructures de t\u00e9l\u00e9communications, la Soci\u00e9t\u00e9 d\u2019Electricit\u00e9 et des T\u00e9l\u00e9coms de C\u00f4te d\u2019 Ivoire en abr\u00e9g\u00e9 SETELCI assure l\u2019ing\u00e9nierie, la construction, l\u2019optimisation, la vente de mat\u00e9riels T\u00e9l\u00e9coms et la maintenance des r\u00e9seaux de t\u00e9l\u00e9phonies cellulaires GSM, DCS, et UMTS), de transmission par faisceaux hertziens et fibre optique ainsi que de r\u00e9seau de de t\u00e9l\u00e9diffusion Broadcast num\u00e9rique et analogique. Nous\u00a0 intervenons \u00e9galement au niveau de l\u2019\u00e9tude et la r\u00e9alisation de projet \u00e9lectriques ainsi que des travaux de G\u00e9nie Civil. SETELCI, Soci\u00e9t\u00e9 de droit ivoirien, est une SAS au capital de 90 millions, b\u00e9n\u00e9ficiant de l\u2019appui technique de ses diff\u00e9rents partenaires europ\u00e9ens et \u00e9trangers. Son plateau technique est assur\u00e9 par des Managers, ing\u00e9nieurs et Techniciens sup\u00e9rieurs jouissant d\u2019une exp\u00e9rience de plus de 10 ans dans les m\u00e9tiers des t\u00e9l\u00e9coms et d\u2019\u00e9lectricit\u00e9. Notre entreprise s\u2019impose tant sur le march\u00e9 national que r\u00e9gional par son savoir-faire et le s\u00e9rieux de son \u00e9quipe dirigeante ayant \u00e0 son actif une exp\u00e9rience soutenue des outils innovants du management des projets techniques. [\/vc_column_text][\/vc_column_inner][\/vc_row_inner][\/vc_column][vc_column offset=&#8221;vc_col-lg-6 vc_col-md-6&#8243; column_css_sm=&#8221;.vc_custom_1587126085058{margin-top: 40px !important;}&#8221;][vc_single_image image=&#8221;2529&#8243; img_size=&#8221;445*590&#8243; alignment=&#8221;right&#8221; css=&#8221;.vc_custom_1687405608551{margin-bottom: 0px !important;}&#8221;][\/vc_column][\/vc_row][vc_row full_width=&#8221;stretch_row&#8221; bg_color_scheme=&#8221;tertiary&#8221; css=&#8221;.vc_custom_1687433099799{background-position: center !important;background-repeat: no-repeat !important;background-size: cover !important;}&#8221; row_css_sm=&#8221;.vc_custom_1687433099800{padding-bottom: 164px !important;}&#8221; row_css_xs=&#8221;.vc_custom_1687433099801{padding-bottom: 115px !important;}&#8221;][vc_column][vc_row_inner css=&#8221;.vc_custom_1687433136567{background-position: center !important;background-repeat: no-repeat !important;background-size: cover !important;}&#8221;][vc_column_inner][\/vc_column_inner][\/vc_row_inner][vc_row_inner][vc_column_inner width=&#8221;1\/2&#8243; offset=&#8221;vc_col-lg-4 vc_col-md-4&#8243; inner_column_css_sm=&#8221;.vc_custom_1588425523735{margin-bottom: 30px !important;}&#8221;][\/vc_column_inner][vc_column_inner width=&#8221;1\/2&#8243; offset=&#8221;vc_col-lg-4 vc_col-md-4&#8243; inner_column_css_sm=&#8221;.vc_custom_1588425532630{margin-bottom: 30px !important;}&#8221;][\/vc_column_inner][vc_column_inner width=&#8221;1\/2&#8243; offset=&#8221;vc_col-lg-4 vc_col-md-4&#8243; inner_column_css_sm=&#8221;.vc_custom_1588425541974{margin-bottom: 30px !important;}&#8221;][\/vc_column_inner][\/vc_row_inner][\/vc_column][\/vc_row][vc_row full_width=&#8221;stretch_row_content&#8221;][vc_column width=&#8221;1\/2&#8243;][vc_single_image image=&#8221;2768&#8243; img_size=&#8221;1950x 2500&#8243;][\/vc_column][vc_column width=&#8221;1\/2&#8243;][vc_column_text] Implantations En C\u00f4te d&#8217;Ivoire [\/vc_column_text][vc_row_inner css=&#8221;.vc_custom_1687678055576{margin-top: -20px !important;}&#8221;][vc_column_inner][vc_column_text]Si\u00e8ge: Cocody Angr\u00e9, Nouveau CHU, Cit\u00e9 Palmyre B Email: info@setelci.com Tel: +225 21 25 19 89[\/vc_column_text][\/vc_column_inner][\/vc_row_inner][vc_column_text] Sous-r\u00e9gion &nbsp;[\/vc_column_text][vc_row_inner css=&#8221;.vc_custom_1687711323581{margin-top: -30px !important;}&#8221;][vc_column_inner width=&#8221;1\/2&#8243;][vc_column_text css=&#8221;.vc_custom_1694684679170{border-top-width: -20px !important;}&#8221;] Filiale du Benin Si\u00e8ge: ILLOT 1225 (Qaurtier Gbedjoemede 1 Cotonou) Email: info@setelci.com Tel: +229 60386868[\/vc_column_text][vc_column_text] Filiale du Cameroun Si\u00e8ge:Situ\u00e9 \u00e0 Douala quartier Diedo Grand Moulin, \u00e0 c\u00f4t\u00e9 de Cefor H\u00f4tellerie. Email: info@setelci.com Tel: +237 676 384 076\/+237 690 317 479[\/vc_column_text][\/vc_column_inner][vc_column_inner width=&#8221;1\/2&#8243;][vc_column_text] Filiale du Togo Si\u00e8ge: LOME (Qaurtier AVENOU) Email: info@setelci.com Tel: +238 22 50 16 86 &nbsp; &nbsp;[\/vc_column_text][vc_column_text] Filiale du Burkina Faso Si\u00e8ge:OUAGE (Qaurtier PATTE D&#8217;OIE) Email: info@setelci.com Tel:TEL: +226 57 78 29 38[\/vc_column_text][\/vc_column_inner][\/vc_row_inner][\/vc_column][\/vc_row]<\/p>\n","protected":false},"author":1,"featured_media":0,"parent":0,"menu_order":0,"comment_status":"closed","ping_status":"closed","template":"templates\/full-width.php","meta":{"footnotes":""},"class_list":["post-909","page","type-page","status-publish","hentry","without-image"],"_links":{"self":[{"href":"https:\/\/setelci.com\/setelcigroupe\/wp-json\/wp\/v2\/pages\/909","targetHints":{"allow":["GET"]}}],"collection":[{"href":"https:\/\/setelci.com\/setelcigroupe\/wp-json\/wp\/v2\/pages"}],"about":[{"href":"https:\/\/setelci.com\/setelcigroupe\/wp-json\/wp\/v2\/types\/page"}],"author":[{"embeddable":true,"href":"https:\/\/setelci.com\/setelcigroupe\/wp-json\/wp\/v2\/users\/1"}],"replies":[{"embeddable":true,"href":"https:\/\/setelci.com\/setelcigroupe\/wp-json\/wp\/v2\/comments?post=909"}],"version-history":[{"count":95,"href":"https:\/\/setelci.com\/setelcigroupe\/wp-json\/wp\/v2\/pages\/909\/revisions"}],"predecessor-version":[{"id":5002,"href":"https:\/\/setelci.com\/setelcigroupe\/wp-json\/wp\/v2\/pages\/909\/revisions\/5002"}],"wp:attachment":[{"href":"https:\/\/setelci.com\/setelcigroupe\/wp-json\/wp\/v2\/media?parent=909"}],"curies":[{"name":"wp","href":"https:\/\/api.w.org\/{rel}","templated":true}]}}